{"id":2003,"date":"2025-06-25T11:18:56","date_gmt":"2025-06-25T11:18:56","guid":{"rendered":"https:\/\/lingedu.ch\/?page_id=2003"},"modified":"2025-11-27T15:04:14","modified_gmt":"2025-11-27T15:04:14","slug":"autres-ressources","status":"publish","type":"page","link":"https:\/\/lingedu.ch\/index.php\/fr\/autres-ressources\/","title":{"rendered":"Autres ressources"},"content":{"rendered":"\t\t<div data-elementor-type=\"wp-page\" data-elementor-id=\"2003\" class=\"elementor elementor-2003\">\n\t\t\t\t<div class=\"elementor-element elementor-element-58f1985 e-flex e-con-boxed e-con e-parent\" data-id=\"58f1985\" data-element_type=\"container\">\n\t\t\t\t\t<div class=\"e-con-inner\">\n\t\t<div class=\"elementor-element elementor-element-c325333 e-con-full e-flex e-con e-child\" data-id=\"c325333\" data-element_type=\"container\">\n\t\t\t\t<div class=\"elementor-element elementor-element-ff976a4 elementor-widget elementor-widget-text-editor\" data-id=\"ff976a4\" data-element_type=\"widget\" data-widget_type=\"text-editor.default\">\n\t\t\t\t<div class=\"elementor-widget-container\">\n\t\t\t\t\t\t\t\t\t<p style=\"text-align: center;\"><strong>Vous trouvez ici diverses ressources et publications<\/strong><\/p>\t\t\t\t\t\t\t\t<\/div>\n\t\t\t\t<\/div>\n\t\t\t\t<\/div>\n\t\t\t\t\t<\/div>\n\t\t\t\t<\/div>\n\t\t<div class=\"elementor-element elementor-element-e9b5aba e-flex e-con-boxed e-con e-parent\" data-id=\"e9b5aba\" data-element_type=\"container\">\n\t\t\t\t\t<div class=\"e-con-inner\">\n\t\t<div class=\"elementor-element elementor-element-7c9ac01 e-con-full e-flex e-con e-child\" data-id=\"7c9ac01\" data-element_type=\"container\">\n\t\t\t\t<div class=\"elementor-element elementor-element-61438ac elementor-widget elementor-widget-text-editor\" data-id=\"61438ac\" data-element_type=\"widget\" data-widget_type=\"text-editor.default\">\n\t\t\t\t<div class=\"elementor-widget-container\">\n\t\t\t\t\t\t\t\t\t<h3>Divers<\/h3><p><strong>DWDS:<\/strong> <a title=\"https:\/\/www.dwds.de\" href=\"https:\/\/www.dwds.de\/\"><u>https:\/\/www.dwds.de<\/u><\/a><\/p><p>DWDS \u2013 Dictionnaire num\u00e9rique de la langue allemande. Outil de recherche sur l\u2019histoire et l\u2019usage actuel de la langue allemande.<\/p><p>\u00a0<\/p><p><strong>Hi-Ling:<\/strong> <a title=\"https:\/\/www.hi-ling.ch\" href=\"https:\/\/www.hi-ling.ch\/\"><u>https:\/\/www.hi-ling.ch<\/u><\/a><\/p><p>Natale, S., H. Hedegard, A. Leemann (2025). Hi-Ling \u2013 Linguistics in the High School. <a title=\"https:\/\/www.hi-ling.ch\/\" href=\"https:\/\/www.hi-ling.ch\/\">https:\/\/www.hi-ling.ch<\/a>, licensed under <a title=\"https:\/\/creativecommons.org\/licenses\/by-nc\/4.0\/\" href=\"https:\/\/creativecommons.org\/licenses\/by-nc\/4.0\/\">https:\/\/creativecommons.org\/licenses\/by-nc\/4.0\/<\/a><\/p><p>\u00a0<\/p><p><strong>Cosmas II:<\/strong> <a title=\"https:\/\/cosmas2.ids-mannheim.de\/cosmas2-web\/\" href=\"https:\/\/cosmas2.ids-mannheim.de\/cosmas2-web\/\"><u>https:\/\/cosmas2.ids-mannheim.de\/cosmas2-web\/<\/u><\/a><\/p><p>COSMAS I\/II (<i>Corpus Search, Management and Analysis System<\/i>), <a title=\"https:\/\/www2.ids-mannheim.de\/cosmas2\/\" href=\"https:\/\/www2.ids-mannheim.de\/cosmas2\/\">http:\/\/www.ids-mannheim.de\/cosmas2\/<\/a>,<br \/>\u00a9 1991-2022 Leibniz-Institut f\u00fcr Deutsche Sprache, Mannheim<\/p><p>\u00a0<\/p><p><strong>Linguistics Olympiad:<\/strong> <a title=\"https:\/\/linguistics.olympiad.ch\" href=\"https:\/\/linguistics.olympiad.ch\/\"><u>https:\/\/linguistics.olympiad.ch<\/u><\/a><\/p><p>\u00a0<\/p><p><strong>DeReKoVecs: <\/strong><a title=\"https:\/\/corpora.ids-mannheim.de\/derekovecs\" href=\"https:\/\/corpora.ids-mannheim.de\/derekovecs\"><u>https:\/\/corpora.ids-mannheim.de\/derekovecs<\/u><\/a><\/p><p>\u00a0<\/p><p><strong>Google Ngram Viewer: <\/strong>https:\/\/books.google.com\/ngrams\/<\/p>\t\t\t\t\t\t\t\t<\/div>\n\t\t\t\t<\/div>\n\t\t\t\t<\/div>\n\t\t<div class=\"elementor-element elementor-element-a203466 e-con-full e-flex e-con e-child\" data-id=\"a203466\" data-element_type=\"container\">\n\t\t<div class=\"elementor-element elementor-element-98b8187 e-con-full e-flex e-con e-child\" data-id=\"98b8187\" data-element_type=\"container\">\n\t\t\t\t<div class=\"elementor-element elementor-element-ece1634 elementor-widget elementor-widget-text-editor\" data-id=\"ece1634\" data-element_type=\"widget\" data-widget_type=\"text-editor.default\">\n\t\t\t\t<div class=\"elementor-widget-container\">\n\t\t\t\t\t\t\t\t\t<h3>Podcasts<\/h3><p><strong>Tuwort Linguistik-Podcast <u><a title=\"https:\/\/www.tuwort.com\/\" href=\"https:\/\/www.tuwort.com\/\">https:\/\/www.tuwort.com\/ <\/a><\/u><\/strong><\/p><p><span style=\"font-size: 16px;\">\u2013 Sandra Hansen, Joachim Scharloth et Noah Bubenhofer<\/span><\/p><p><strong>angesprochen. Der Linguistik Podcast<\/strong><\/p><p><a title=\"https:\/\/podcasts.apple.com\/ch\/podcast\/angesprochen\/id874874435\" href=\"https:\/\/podcasts.apple.com\/ch\/podcast\/angesprochen\/id874874435\"><u>https:\/\/podcasts.apple.com\/ch\/podcast\/angesprochen\/id874874435<\/u><\/a><\/p><p><strong>Sprachpfade (Podcast)<\/strong><\/p><p><a title=\"https:\/\/sprachpfade.letscast.fm\/index\" href=\"https:\/\/sprachpfade.letscast.fm\/index\"><u>https:\/\/sprachpfade.letscast.fm\/index<\/u><\/a><\/p><p><strong>English podcasts on linguistics:<\/strong><\/p><p><a title=\"https:\/\/www.ciol.org.uk\/six-podcasts-language-lovers\" href=\"https:\/\/www.ciol.org.uk\/six-podcasts-language-lovers\"><u>https:\/\/www.ciol.org.uk\/six-podcasts-language-lovers<\/u><\/a><\/p>\t\t\t\t\t\t\t\t<\/div>\n\t\t\t\t<\/div>\n\t\t\t\t<\/div>\n\t\t\t\t<\/div>\n\t\t\t\t\t<\/div>\n\t\t\t\t<\/div>\n\t\t<div class=\"elementor-element elementor-element-26344b4 e-flex e-con-boxed e-con e-parent\" data-id=\"26344b4\" data-element_type=\"container\">\n\t\t\t\t\t<div class=\"e-con-inner\">\n\t\t\t\t<div class=\"elementor-element elementor-element-818ea28 elementor-widget elementor-widget-spacer\" data-id=\"818ea28\" data-element_type=\"widget\" data-widget_type=\"spacer.default\">\n\t\t\t\t<div class=\"elementor-widget-container\">\n\t\t\t\t\t\t\t<div class=\"elementor-spacer\">\n\t\t\t<div class=\"elementor-spacer-inner\"><\/div>\n\t\t<\/div>\n\t\t\t\t\t\t<\/div>\n\t\t\t\t<\/div>\n\t\t\t\t\t<\/div>\n\t\t\t\t<\/div>\n\t\t<div class=\"elementor-element elementor-element-07ea409 e-flex e-con-boxed e-con e-parent\" data-id=\"07ea409\" data-element_type=\"container\">\n\t\t\t\t\t<div class=\"e-con-inner\">\n\t\t<div class=\"elementor-element elementor-element-bc81bb1 e-con-full e-flex e-con e-child\" data-id=\"bc81bb1\" data-element_type=\"container\">\n\t\t\t\t<div class=\"elementor-element elementor-element-b774514 elementor-widget elementor-widget-text-editor\" data-id=\"b774514\" data-element_type=\"widget\" data-widget_type=\"text-editor.default\">\n\t\t\t\t<div class=\"elementor-widget-container\">\n\t\t\t\t\t\t\t\t\t<h3 style=\"text-align: center;\">Formations continues en linguistique<\/h3><p>Vous trouverez un aper\u00e7u des formations continues actuelles en linguistique \u00e0 l\u2019Universit\u00e9 de Zurich sur le site <a href=\"https:\/\/www.linguistik.uzh.ch\/de\/easyling\/Weiterbildung-Linguistik.html\">linguistik.uzh.ch.<\/a><\/p><p style=\"text-align: center;\">\u00a0<\/p>\t\t\t\t\t\t\t\t<\/div>\n\t\t\t\t<\/div>\n\t\t\t\t<\/div>\n\t\t\t\t\t<\/div>\n\t\t\t\t<\/div>\n\t\t<div class=\"elementor-element elementor-element-e1c8153 e-flex e-con-boxed e-con e-parent\" data-id=\"e1c8153\" data-element_type=\"container\">\n\t\t\t\t\t<div class=\"e-con-inner\">\n\t\t<div class=\"elementor-element elementor-element-50a5855 e-con-full e-flex e-con e-child\" data-id=\"50a5855\" data-element_type=\"container\">\n\t\t\t\t<div class=\"elementor-element elementor-element-cdeb324 elementor-widget elementor-widget-text-editor\" data-id=\"cdeb324\" data-element_type=\"widget\" data-widget_type=\"text-editor.default\">\n\t\t\t\t<div class=\"elementor-widget-container\">\n\t\t\t\t\t\t\t\t\t<h3 style=\"text-align: center;\">Actualit\u00e9s de LingEdu<\/h3><p style=\"text-align: center;\">Les annonces concernant des \u00e9v\u00e9nements, conf\u00e9rences et autres seront affich\u00e9es ici.<\/p>\t\t\t\t\t\t\t\t<\/div>\n\t\t\t\t<\/div>\n\t\t\t\t<\/div>\n\t\t\t\t\t<\/div>\n\t\t\t\t<\/div>\n\t\t\t\t<\/div>\n\t\t","protected":false},"excerpt":{"rendered":"<p>Vous trouvez ici diverses ressources et publications Divers DWDS: https:\/\/www.dwds.de DWDS \u2013 Dictionnaire num\u00e9rique de la langue allemande. Outil de recherche sur l\u2019histoire et l\u2019usage actuel de la langue allemande. \u00a0 Hi-Ling: https:\/\/www.hi-ling.ch Natale, S., H. Hedegard, A. Leemann (2025). Hi-Ling \u2013 Linguistics in the High School. https:\/\/www.hi-ling.ch, licensed under https:\/\/creativecommons.org\/licenses\/by-nc\/4.0\/ \u00a0 Cosmas II: https:\/\/cosmas2.ids-mannheim.de\/cosmas2-web\/ [&hellip;]<\/p>\n","protected":false},"author":26,"featured_media":0,"parent":0,"menu_order":0,"comment_status":"closed","ping_status":"closed","template":"","meta":{"site-sidebar-layout":"no-sidebar","site-content-layout":"","ast-site-content-layout":"full-width-container","site-content-style":"default","site-sidebar-style":"default","ast-global-header-display":"","ast-banner-title-visibility":"","ast-main-header-display":"","ast-hfb-above-header-display":"","ast-hfb-below-header-display":"","ast-hfb-mobile-header-display":"","site-post-title":"disabled","ast-breadcrumbs-content":"","ast-featured-img":"disabled","footer-sml-layout":"","theme-transparent-header-meta":"","adv-header-id-meta":"","stick-header-meta":"","header-above-stick-meta":"","header-main-stick-meta":"","header-below-stick-meta":"","astra-migrate-meta-layouts":"default","ast-page-background-enabled":"default","ast-page-background-meta":{"desktop":{"background-color":"var(--ast-global-color-4)","background-image":"","background-repeat":"repeat","background-position":"center center","background-size":"auto","background-attachment":"scroll","background-type":"","background-media":"","overlay-type":"","overlay-color":"","overlay-opacity":"","overlay-gradient":""},"tablet":{"background-color":"","background-image":"","background-repeat":"repeat","background-position":"center center","background-size":"auto","background-attachment":"scroll","background-type":"","background-media":"","overlay-type":"","overlay-color":"","overlay-opacity":"","overlay-gradient":""},"mobile":{"background-color":"","background-image":"","background-repeat":"repeat","background-position":"center center","background-size":"auto","background-attachment":"scroll","background-type":"","background-media":"","overlay-type":"","overlay-color":"","overlay-opacity":"","overlay-gradient":""}},"ast-content-background-meta":{"desktop":{"background-color":"var(--ast-global-color-5)","background-image":"","background-repeat":"repeat","background-position":"center center","background-size":"auto","background-attachment":"scroll","background-type":"","background-media":"","overlay-type":"","overlay-color":"","overlay-opacity":"","overlay-gradient":""},"tablet":{"background-color":"var(--ast-global-color-5)","background-image":"","background-repeat":"repeat","background-position":"center center","background-size":"auto","background-attachment":"scroll","background-type":"","background-media":"","overlay-type":"","overlay-color":"","overlay-opacity":"","overlay-gradient":""},"mobile":{"background-color":"var(--ast-global-color-5)","background-image":"","background-repeat":"repeat","background-position":"center center","background-size":"auto","background-attachment":"scroll","background-type":"","background-media":"","overlay-type":"","overlay-color":"","overlay-opacity":"","overlay-gradient":""}},"footnotes":""},"class_list":["post-2003","page","type-page","status-publish","hentry"],"rttpg_featured_image_url":null,"rttpg_author":{"display_name":"Julie Fragni\u00e8re","author_link":"https:\/\/lingedu.ch\/index.php\/author\/julie\/"},"rttpg_comment":0,"rttpg_category":" <a href=\"https:\/\/lingedu.ch\/index.php\/fr\/\" rel=\"tag\">Fran\u00e7ais<\/a>","rttpg_excerpt":"Vous trouvez ici diverses ressources et publications Divers DWDS: https:\/\/www.dwds.de DWDS \u2013 Dictionnaire num\u00e9rique de la langue allemande. Outil de recherche sur l\u2019histoire et l\u2019usage actuel de la langue allemande. \u00a0 Hi-Ling: https:\/\/www.hi-ling.ch Natale, S., H. Hedegard, A. Leemann (2025). Hi-Ling \u2013 Linguistics in the High School. https:\/\/www.hi-ling.ch, licensed under https:\/\/creativecommons.org\/licenses\/by-nc\/4.0\/ \u00a0 Cosmas II: https:\/\/cosmas2.ids-mannheim.de\/cosmas2-web\/&hellip;","_links":{"self":[{"href":"https:\/\/lingedu.ch\/index.php\/wp-json\/wp\/v2\/pages\/2003","targetHints":{"allow":["GET"]}}],"collection":[{"href":"https:\/\/lingedu.ch\/index.php\/wp-json\/wp\/v2\/pages"}],"about":[{"href":"https:\/\/lingedu.ch\/index.php\/wp-json\/wp\/v2\/types\/page"}],"author":[{"embeddable":true,"href":"https:\/\/lingedu.ch\/index.php\/wp-json\/wp\/v2\/users\/26"}],"replies":[{"embeddable":true,"href":"https:\/\/lingedu.ch\/index.php\/wp-json\/wp\/v2\/comments?post=2003"}],"version-history":[{"count":23,"href":"https:\/\/lingedu.ch\/index.php\/wp-json\/wp\/v2\/pages\/2003\/revisions"}],"predecessor-version":[{"id":2412,"href":"https:\/\/lingedu.ch\/index.php\/wp-json\/wp\/v2\/pages\/2003\/revisions\/2412"}],"wp:attachment":[{"href":"https:\/\/lingedu.ch\/index.php\/wp-json\/wp\/v2\/media?parent=2003"}],"curies":[{"name":"wp","href":"https:\/\/api.w.org\/{rel}","templated":true}]}}