{"id":356,"date":"2024-10-26T11:58:09","date_gmt":"2024-10-26T11:58:09","guid":{"rendered":"https:\/\/lingedu.ch\/?page_id=356"},"modified":"2026-01-10T15:21:29","modified_gmt":"2026-01-10T15:21:29","slug":"additional-resources","status":"publish","type":"page","link":"https:\/\/lingedu.ch\/index.php\/additional-resources\/","title":{"rendered":"Additional Resources"},"content":{"rendered":"\t\t<div data-elementor-type=\"wp-page\" data-elementor-id=\"356\" class=\"elementor elementor-356\">\n\t\t\t\t<div class=\"elementor-element elementor-element-58f1985 e-flex e-con-boxed e-con e-parent\" data-id=\"58f1985\" data-element_type=\"container\">\n\t\t\t\t\t<div class=\"e-con-inner\">\n\t\t<div class=\"elementor-element elementor-element-c325333 e-con-full e-flex e-con e-child\" data-id=\"c325333\" data-element_type=\"container\">\n\t\t\t\t<div class=\"elementor-element elementor-element-ff976a4 elementor-widget elementor-widget-text-editor\" data-id=\"ff976a4\" data-element_type=\"widget\" data-widget_type=\"text-editor.default\">\n\t\t\t\t<div class=\"elementor-widget-container\">\n\t\t\t\t\t\t\t\t\t<p style=\"text-align: center;\"><strong>Hier finden Sie weitere Ressourcen, Ver\u00f6ffentlichungen und Informationen zu Weiterbildungskursen.<\/strong><\/p>\t\t\t\t\t\t\t\t<\/div>\n\t\t\t\t<\/div>\n\t\t\t\t<\/div>\n\t\t\t\t\t<\/div>\n\t\t\t\t<\/div>\n\t\t<div class=\"elementor-element elementor-element-9f2545f e-flex e-con-boxed e-con e-parent\" data-id=\"9f2545f\" data-element_type=\"container\">\n\t\t\t\t\t<div class=\"e-con-inner\">\n\t\t<div class=\"elementor-element elementor-element-1014cf5 e-con-full e-flex e-con e-child\" data-id=\"1014cf5\" data-element_type=\"container\">\n\t\t\t\t<div class=\"elementor-element elementor-element-6a4b973 elementor-widget elementor-widget-text-editor\" data-id=\"6a4b973\" data-element_type=\"widget\" data-widget_type=\"text-editor.default\">\n\t\t\t\t<div class=\"elementor-widget-container\">\n\t\t\t\t\t\t\t\t\t<h3 style=\"text-align: left;\">Verschiedene Online Ressourcen<\/h3><p style=\"text-align: left;\"><strong>DWDS:<\/strong> <a title=\"https:\/\/www.dwds.de\" href=\"https:\/\/www.dwds.de\/\"><u>https:\/\/www.dwds.de<\/u><\/a><\/p><p style=\"text-align: left;\">DWDS \u2013 Digitales W\u00f6rterbuch der deutschen Sprache. Das Wortauskunftssystem zur deutschen Sprache in Geschichte und Gegenwart, hrsg. v. d. Berlin-Brandenburgischen Akademie der Wissenschaften.<\/p><p>\u00a0<\/p><p style=\"text-align: left;\"><strong>Hi-Ling:<\/strong> <a title=\"https:\/\/www.hi-ling.ch\" href=\"https:\/\/www.hi-ling.ch\/\"><u>https:\/\/www.hi-ling.ch<\/u><\/a><\/p><p style=\"text-align: left;\"><em>Hi-Ling \u2013 Linguistics in the High School<\/em> ist eine Open-Access-Plattform der Universit\u00e4t Bern mit linguistischen Lern- und Lehrmaterialien f\u00fcr den Gymnasialunterricht.<\/p><p style=\"text-align: left;\">Natale, S., H. Hedegard, A. Leemann (2025). Hi-Ling \u2013 Linguistics in the High School. <a title=\"https:\/\/www.hi-ling.ch\/\" href=\"https:\/\/www.hi-ling.ch\/\">https:\/\/www.hi-ling.ch<\/a>, licensed under <a title=\"https:\/\/creativecommons.org\/licenses\/by-nc\/4.0\/\" href=\"https:\/\/creativecommons.org\/licenses\/by-nc\/4.0\/\">https:\/\/creativecommons.org\/licenses\/by-nc\/4.0\/<\/a>.<\/p><p>\u00a0<\/p><p style=\"text-align: left;\"><strong>Cosmas II:<\/strong> <a title=\"https:\/\/cosmas2.ids-mannheim.de\/cosmas2-web\/\" href=\"https:\/\/cosmas2.ids-mannheim.de\/cosmas2-web\/\"><u>https:\/\/cosmas2.ids-mannheim.de\/cosmas2-web\/<\/u><\/a><\/p><p style=\"text-align: left;\"><em>COSMAS II<\/em> ist das Recherche- und Analysewerkzeug des <em>Leibniz-Institut f\u00fcr Deutsche Sprache<\/em> und erm\u00f6glicht den Zugriff auf grosse, annotierte Korpora des Deutschen. Eine kostenlose Anmeldung ist erforderlich.<\/p><p style=\"text-align: left;\">COSMAS I\/II (<i>Corpus Search, Management and Analysis System<\/i>), <a title=\"https:\/\/www2.ids-mannheim.de\/cosmas2\/\" href=\"https:\/\/www2.ids-mannheim.de\/cosmas2\/\">http:\/\/www.ids-mannheim.de\/cosmas2\/<\/a>,<br \/>\u00a9 1991-2022 Leibniz-Institut f\u00fcr Deutsche Sprache, Mannheim.<\/p><p>\u00a0<\/p><p style=\"text-align: left;\"><strong>Linguistics Olympiad:<\/strong> <a title=\"https:\/\/linguistics.olympiad.ch\" href=\"https:\/\/linguistics.olympiad.ch\/\"><u>https:\/\/linguistics.olympiad.ch<\/u><\/a><\/p><p style=\"text-align: left;\">Die <em>Linguistik-Olympiade<\/em> ist ein Wettbewerb, der Sch\u00fcler:innen f\u00fcr sprachwissenschaftliche Fragestellungen und Probleml\u00f6sungen begeistert.<\/p><p>\u00a0<\/p><p style=\"text-align: left;\"><strong>DeReKoVecs: <\/strong><a title=\"https:\/\/corpora.ids-mannheim.de\/derekovecs\" href=\"https:\/\/corpora.ids-mannheim.de\/derekovecs\"><u>https:\/\/corpora.ids-mannheim.de\/derekovecs<\/u><\/a><\/p><p style=\"text-align: left;\"><em>DeReKoVecs<\/em> ist ein Explorationswerkzeug des <em>Leibniz-Institut f\u00fcr Deutsche Sprache<\/em> zur Analyse paradigmatischer und syntagmatischer Wortbeziehungen auf Basis sehr grosser Korpora. Eine Anmeldung ist nicht erforderlich.<\/p><p>\u00a0<\/p><p style=\"text-align: left;\"><strong>Google Books Ngram Viewer: <\/strong><a href=\"https:\/\/books.google.com\/ngrams\/\">https:\/\/books.google.com\/ngrams\/<\/a><\/p><p style=\"text-align: left;\">Der <em>Google Books Ngram Viewer<\/em> erm\u00f6glicht die diachrone Visualisierung von Wort- und Phrasenh\u00e4ufigkeiten \u00fcber grosse Buchbest\u00e4nde hinweg.<\/p>\t\t\t\t\t\t\t\t<\/div>\n\t\t\t\t<\/div>\n\t\t\t\t<\/div>\n\t\t\t\t\t<\/div>\n\t\t\t\t<\/div>\n\t\t<div class=\"elementor-element elementor-element-84127b6 e-flex e-con-boxed e-con e-parent\" data-id=\"84127b6\" data-element_type=\"container\">\n\t\t\t\t\t<div class=\"e-con-inner\">\n\t\t\t\t<div class=\"elementor-element elementor-element-928a30c elementor-widget elementor-widget-spacer\" data-id=\"928a30c\" data-element_type=\"widget\" data-widget_type=\"spacer.default\">\n\t\t\t\t<div class=\"elementor-widget-container\">\n\t\t\t\t\t\t\t<div class=\"elementor-spacer\">\n\t\t\t<div class=\"elementor-spacer-inner\"><\/div>\n\t\t<\/div>\n\t\t\t\t\t\t<\/div>\n\t\t\t\t<\/div>\n\t\t\t\t\t<\/div>\n\t\t\t\t<\/div>\n\t\t<div class=\"elementor-element elementor-element-c52514b e-flex e-con-boxed e-con e-parent\" data-id=\"c52514b\" data-element_type=\"container\">\n\t\t\t\t\t<div class=\"e-con-inner\">\n\t\t<div class=\"elementor-element elementor-element-359c3ef e-con-full e-flex e-con e-child\" data-id=\"359c3ef\" data-element_type=\"container\">\n\t\t\t\t<div class=\"elementor-element elementor-element-993ec1e elementor-widget elementor-widget-text-editor\" data-id=\"993ec1e\" data-element_type=\"widget\" data-widget_type=\"text-editor.default\">\n\t\t\t\t<div class=\"elementor-widget-container\">\n\t\t\t\t\t\t\t\t\t<h3 style=\"text-align: left;\">Linguistik Podcasts<\/h3><p><b>Tuwort Linguistik-Podcast <\/b><a href=\"https:\/\/www.tuwort.com\/\"><b>https:\/\/www.tuwort.com\/<span class=\"Apple-converted-space\">\u00a0<\/span><\/b><b><\/b><\/a><\/p><p><b>\u2013 Sandra Hansen, Joachim Scharloth und Noah Bubenhofer<\/b><b><\/b><\/p><p>\u00a0<\/p><p><b>angesprochen. Der Linguistik Podcast<\/b><b><\/b><\/p><p><a href=\"https:\/\/podcasts.apple.com\/ch\/podcast\/angesprochen\/id874874435\">https:\/\/podcasts.apple.com\/ch\/podcast\/angesprochen\/id874874435<\/a><\/p><p>\u00a0<\/p><p><b>Sprachpfade Podcast<\/b><b><\/b><\/p><p><a href=\"https:\/\/sprachpfade.letscast.fm\/index\">https:\/\/sprachpfade.letscast.fm\/index<\/a><\/p><p>\u00a0<\/p><p><b>English podcasts on linguistics:<\/b><b><\/b><\/p><p><a href=\"https:\/\/www.ciol.org.uk\/six-podcasts-language-lovers\">https:\/\/www.ciol.org.uk\/six-podcasts-language-lovers<\/a><\/p><p style=\"text-align: left;\">\u00a0<\/p>\t\t\t\t\t\t\t\t<\/div>\n\t\t\t\t<\/div>\n\t\t\t\t<\/div>\n\t\t\t\t\t<\/div>\n\t\t\t\t<\/div>\n\t\t<div class=\"elementor-element elementor-element-fd16916 e-flex e-con-boxed e-con e-parent\" data-id=\"fd16916\" data-element_type=\"container\">\n\t\t\t\t\t<div class=\"e-con-inner\">\n\t\t\t\t<div class=\"elementor-element elementor-element-ce33275 elementor-widget elementor-widget-spacer\" data-id=\"ce33275\" data-element_type=\"widget\" data-widget_type=\"spacer.default\">\n\t\t\t\t<div class=\"elementor-widget-container\">\n\t\t\t\t\t\t\t<div class=\"elementor-spacer\">\n\t\t\t<div class=\"elementor-spacer-inner\"><\/div>\n\t\t<\/div>\n\t\t\t\t\t\t<\/div>\n\t\t\t\t<\/div>\n\t\t\t\t\t<\/div>\n\t\t\t\t<\/div>\n\t\t<div class=\"elementor-element elementor-element-2c8c66a e-flex e-con-boxed e-con e-parent\" data-id=\"2c8c66a\" data-element_type=\"container\">\n\t\t\t\t\t<div class=\"e-con-inner\">\n\t\t<div class=\"elementor-element elementor-element-42d26c3 e-con-full e-flex e-con e-child\" data-id=\"42d26c3\" data-element_type=\"container\">\n\t\t\t\t<div class=\"elementor-element elementor-element-3f70cc3 elementor-widget elementor-widget-text-editor\" data-id=\"3f70cc3\" data-element_type=\"widget\" data-widget_type=\"text-editor.default\">\n\t\t\t\t<div class=\"elementor-widget-container\">\n\t\t\t\t\t\t\t\t\t<h3>Weiterbildungen im Bereich der Linguistik<\/h3><p>Eine \u00dcbersicht \u00fcber aktuelle Weiterbildungen rund um die Linguistik an der Universit\u00e4t Z\u00fcrich finden Sie auf <a href=\"https:\/\/www.linguistik.uzh.ch\/de\/easyling\/Weiterbildung-Linguistik.html\">linguistik.uzh.ch.<\/a><\/p><p style=\"font-weight: 400;\">Das <a href=\"https:\/\/www.ds.uzh.ch\/de.html\" target=\"_blank\" rel=\"noopener\">Deutsche Seminar der Universit\u00e4t Z\u00fcrich<\/a> bietet regelm\u00e4ssig Kurse zum Themenbereich Linguistik im Deutschunterricht an, z.B.\u00a0<\/p><ul><li>Aktuelle linguistische Themen im Deutschunterricht<\/li><li>KI-basierte Schreibpraktiken \u2013 Potentiale, Grenzen und Anwendungen<\/li><li>Sprachvergleich im mehrsprachigen Klassenzimmer<\/li><li>Schweizerdeutsch als Unterrichtsgegenstand \u2013 Dialektologie ganz praktisch<\/li><li>Digitale Texte und Methoden im Sprach- und Literaturunterricht<\/li><\/ul><p>Die Kurse im regul\u00e4ren <a href=\"https:\/\/www.ds.uzh.ch\/de\/seminar\/schaufenster\/weiterbildung.html\">Weiterbildungsprogramm<\/a>\u00a0k\u00f6nnen von Einzelpersonen gebucht werden. Dar\u00fcber hinaus werden auch individuelle Weiterbildungskurse f\u00fcr Gruppen von Lehrpersonen direkt an Ihrer Bildungseinrichtung angeboten, thematisch zugeschnitten auf Ihre Bed\u00fcrfnisse. F\u00fcr eine individuelle Offerte nehmen Sie bitte mit dem Deutschen Seminar Kontakt auf unter: <u><a href=\"mailto:weiterbildung@ds.uzh.ch\">weiterbildung@ds.uzh.ch<\/a><\/u><\/p>\t\t\t\t\t\t\t\t<\/div>\n\t\t\t\t<\/div>\n\t\t\t\t<\/div>\n\t\t\t\t\t<\/div>\n\t\t\t\t<\/div>\n\t\t<div class=\"elementor-element elementor-element-699737d e-flex e-con-boxed e-con e-parent\" data-id=\"699737d\" data-element_type=\"container\">\n\t\t\t\t\t<div class=\"e-con-inner\">\n\t\t\t\t<div class=\"elementor-element elementor-element-b968641 elementor-widget elementor-widget-spacer\" data-id=\"b968641\" data-element_type=\"widget\" data-widget_type=\"spacer.default\">\n\t\t\t\t<div class=\"elementor-widget-container\">\n\t\t\t\t\t\t\t<div class=\"elementor-spacer\">\n\t\t\t<div class=\"elementor-spacer-inner\"><\/div>\n\t\t<\/div>\n\t\t\t\t\t\t<\/div>\n\t\t\t\t<\/div>\n\t\t\t\t\t<\/div>\n\t\t\t\t<\/div>\n\t\t<div class=\"elementor-element elementor-element-625a793 e-flex e-con-boxed e-con e-parent\" data-id=\"625a793\" data-element_type=\"container\">\n\t\t\t\t\t<div class=\"e-con-inner\">\n\t\t<div class=\"elementor-element elementor-element-4d3db50 e-con-full e-flex e-con e-child\" data-id=\"4d3db50\" data-element_type=\"container\">\n\t\t\t\t<div class=\"elementor-element elementor-element-f1a4ec6 elementor-widget elementor-widget-text-editor\" data-id=\"f1a4ec6\" data-element_type=\"widget\" data-widget_type=\"text-editor.default\">\n\t\t\t\t<div class=\"elementor-widget-container\">\n\t\t\t\t\t\t\t\t\t<h3 style=\"text-align: left;\">Aktuelles zu LingEdu<\/h3><p style=\"text-align: left;\">Ank\u00fcndigungen zu Veranstaltungen, Vortr\u00e4gen und mehr werden hier angezeigt<\/p>\t\t\t\t\t\t\t\t<\/div>\n\t\t\t\t<\/div>\n\t\t\t\t<\/div>\n\t\t\t\t\t<\/div>\n\t\t\t\t<\/div>\n\t\t<div class=\"elementor-element elementor-element-21c5ec2 e-flex e-con-boxed e-con e-parent\" data-id=\"21c5ec2\" data-element_type=\"container\">\n\t\t\t\t\t<div class=\"e-con-inner\">\n\t\t\t\t<div class=\"elementor-element elementor-element-8687086 elementor-widget elementor-widget-spacer\" data-id=\"8687086\" data-element_type=\"widget\" data-widget_type=\"spacer.default\">\n\t\t\t\t<div class=\"elementor-widget-container\">\n\t\t\t\t\t\t\t<div class=\"elementor-spacer\">\n\t\t\t<div class=\"elementor-spacer-inner\"><\/div>\n\t\t<\/div>\n\t\t\t\t\t\t<\/div>\n\t\t\t\t<\/div>\n\t\t\t\t\t<\/div>\n\t\t\t\t<\/div>\n\t\t\t\t<\/div>\n\t\t","protected":false},"excerpt":{"rendered":"<p>Hier finden Sie weitere Ressourcen, Ver\u00f6ffentlichungen und Informationen zu Weiterbildungskursen. Verschiedene Online Ressourcen DWDS: https:\/\/www.dwds.de DWDS \u2013 Digitales W\u00f6rterbuch der deutschen Sprache. Das Wortauskunftssystem zur deutschen Sprache in Geschichte und Gegenwart, hrsg. v. d. Berlin-Brandenburgischen Akademie der Wissenschaften. \u00a0 Hi-Ling: https:\/\/www.hi-ling.ch Hi-Ling \u2013 Linguistics in the High School ist eine Open-Access-Plattform der Universit\u00e4t Bern mit [&hellip;]<\/p>\n","protected":false},"author":26,"featured_media":0,"parent":0,"menu_order":0,"comment_status":"closed","ping_status":"closed","template":"","meta":{"site-sidebar-layout":"no-sidebar","site-content-layout":"","ast-site-content-layout":"","site-content-style":"default","site-sidebar-style":"default","ast-global-header-display":"","ast-banner-title-visibility":"","ast-main-header-display":"","ast-hfb-above-header-display":"","ast-hfb-below-header-display":"","ast-hfb-mobile-header-display":"","site-post-title":"disabled","ast-breadcrumbs-content":"","ast-featured-img":"disabled","footer-sml-layout":"","theme-transparent-header-meta":"","adv-header-id-meta":"","stick-header-meta":"","header-above-stick-meta":"","header-main-stick-meta":"","header-below-stick-meta":"","astra-migrate-meta-layouts":"default","ast-page-background-enabled":"default","ast-page-background-meta":{"desktop":{"background-color":"var(--ast-global-color-4)","background-image":"","background-repeat":"repeat","background-position":"center center","background-size":"auto","background-attachment":"scroll","background-type":"","background-media":"","overlay-type":"","overlay-color":"","overlay-opacity":"","overlay-gradient":""},"tablet":{"background-color":"","background-image":"","background-repeat":"repeat","background-position":"center center","background-size":"auto","background-attachment":"scroll","background-type":"","background-media":"","overlay-type":"","overlay-color":"","overlay-opacity":"","overlay-gradient":""},"mobile":{"background-color":"","background-image":"","background-repeat":"repeat","background-position":"center center","background-size":"auto","background-attachment":"scroll","background-type":"","background-media":"","overlay-type":"","overlay-color":"","overlay-opacity":"","overlay-gradient":""}},"ast-content-background-meta":{"desktop":{"background-color":"var(--ast-global-color-5)","background-image":"","background-repeat":"repeat","background-position":"center center","background-size":"auto","background-attachment":"scroll","background-type":"","background-media":"","overlay-type":"","overlay-color":"","overlay-opacity":"","overlay-gradient":""},"tablet":{"background-color":"var(--ast-global-color-5)","background-image":"","background-repeat":"repeat","background-position":"center center","background-size":"auto","background-attachment":"scroll","background-type":"","background-media":"","overlay-type":"","overlay-color":"","overlay-opacity":"","overlay-gradient":""},"mobile":{"background-color":"var(--ast-global-color-5)","background-image":"","background-repeat":"repeat","background-position":"center center","background-size":"auto","background-attachment":"scroll","background-type":"","background-media":"","overlay-type":"","overlay-color":"","overlay-opacity":"","overlay-gradient":""}},"footnotes":""},"class_list":["post-356","page","type-page","status-publish","hentry"],"rttpg_featured_image_url":null,"rttpg_author":{"display_name":"Julie Fragni\u00e8re","author_link":"https:\/\/lingedu.ch\/index.php\/author\/julie\/"},"rttpg_comment":0,"rttpg_category":" <a href=\"https:\/\/lingedu.ch\/\" rel=\"tag\">Deutsch<\/a>","rttpg_excerpt":"Hier finden Sie weitere Ressourcen, Ver\u00f6ffentlichungen und Informationen zu Weiterbildungskursen. Verschiedene Online Ressourcen DWDS: https:\/\/www.dwds.de DWDS \u2013 Digitales W\u00f6rterbuch der deutschen Sprache. Das Wortauskunftssystem zur deutschen Sprache in Geschichte und Gegenwart, hrsg. v. d. Berlin-Brandenburgischen Akademie der Wissenschaften. \u00a0 Hi-Ling: https:\/\/www.hi-ling.ch Hi-Ling \u2013 Linguistics in the High School ist eine Open-Access-Plattform der Universit\u00e4t Bern mit&hellip;","_links":{"self":[{"href":"https:\/\/lingedu.ch\/index.php\/wp-json\/wp\/v2\/pages\/356","targetHints":{"allow":["GET"]}}],"collection":[{"href":"https:\/\/lingedu.ch\/index.php\/wp-json\/wp\/v2\/pages"}],"about":[{"href":"https:\/\/lingedu.ch\/index.php\/wp-json\/wp\/v2\/types\/page"}],"author":[{"embeddable":true,"href":"https:\/\/lingedu.ch\/index.php\/wp-json\/wp\/v2\/users\/26"}],"replies":[{"embeddable":true,"href":"https:\/\/lingedu.ch\/index.php\/wp-json\/wp\/v2\/comments?post=356"}],"version-history":[{"count":73,"href":"https:\/\/lingedu.ch\/index.php\/wp-json\/wp\/v2\/pages\/356\/revisions"}],"predecessor-version":[{"id":2549,"href":"https:\/\/lingedu.ch\/index.php\/wp-json\/wp\/v2\/pages\/356\/revisions\/2549"}],"wp:attachment":[{"href":"https:\/\/lingedu.ch\/index.php\/wp-json\/wp\/v2\/media?parent=356"}],"curies":[{"name":"wp","href":"https:\/\/api.w.org\/{rel}","templated":true}]}}